{"id":1576,"date":"2023-04-19T11:55:23","date_gmt":"2023-04-19T09:55:23","guid":{"rendered":"http:\/\/masante-cam.org\/masante\/?page_id=1576"},"modified":"2023-04-19T12:00:51","modified_gmt":"2023-04-19T10:00:51","slug":"articles-de-2019","status":"publish","type":"page","link":"https:\/\/masante-cam.org\/masante\/articles-de-2019\/","title":{"rendered":"Articles de 2019"},"content":{"rendered":"\t\t<div data-elementor-type=\"wp-page\" data-elementor-id=\"1576\" class=\"elementor elementor-1576\">\n\t\t\t\t\t\t<section class=\"elementor-section elementor-top-section elementor-element elementor-element-533beb2 elementor-section-boxed elementor-section-height-default elementor-section-height-default\" data-id=\"533beb2\" data-element_type=\"section\" data-e-type=\"section\">\n\t\t\t\t\t\t<div class=\"elementor-container elementor-column-gap-default\">\n\t\t\t\t\t<div class=\"elementor-column elementor-col-100 elementor-top-column elementor-element elementor-element-da581c3\" data-id=\"da581c3\" data-element_type=\"column\" data-e-type=\"column\">\n\t\t\t<div class=\"elementor-widget-wrap elementor-element-populated\">\n\t\t\t\t\t\t<div class=\"elementor-element elementor-element-24fa5cc elementor-widget elementor-widget-heading\" data-id=\"24fa5cc\" data-element_type=\"widget\" data-e-type=\"widget\" data-widget_type=\"heading.default\">\n\t\t\t\t<div class=\"elementor-widget-container\">\n\t\t\t\t\t<h2 class=\"elementor-heading-title elementor-size-default\">Articles de 2019<\/h2>\t\t\t\t<\/div>\n\t\t\t\t<\/div>\n\t\t\t\t\t<\/div>\n\t\t<\/div>\n\t\t\t\t\t<\/div>\n\t\t<\/section>\n\t\t\t\t<section class=\"elementor-section elementor-top-section elementor-element elementor-element-c76e466 elementor-section-boxed elementor-section-height-default elementor-section-height-default\" data-id=\"c76e466\" data-element_type=\"section\" data-e-type=\"section\" data-settings=\"{&quot;background_background&quot;:&quot;classic&quot;}\">\n\t\t\t\t\t\t<div class=\"elementor-container elementor-column-gap-default\">\n\t\t\t\t\t<div class=\"elementor-column elementor-col-100 elementor-top-column elementor-element elementor-element-79eefe5\" data-id=\"79eefe5\" data-element_type=\"column\" data-e-type=\"column\">\n\t\t\t<div class=\"elementor-widget-wrap elementor-element-populated\">\n\t\t\t\t\t\t<div class=\"elementor-element elementor-element-e6df081 elementor-widget elementor-widget-text-editor\" data-id=\"e6df081\" data-element_type=\"widget\" data-e-type=\"widget\" data-widget_type=\"text-editor.default\">\n\t\t\t\t<div class=\"elementor-widget-container\">\n\t\t\t\t\t\t\t\t\t<div class=\"fusion-text\"><p>Agokeng KBD, Bita\u2019a LB, Yomi THS, Tajo Djidjou TB, Romarique Medjou MR, Djoudadouanla C, Wouafack-Kenfack V, Nguetsa TF , Megaptche TH, Ateudjieu\u00a0<strong>J<\/strong><strong>\u00a0.Distribution et itin\u00e9raire th\u00e9rapeutique des patients re\u00e7us pour accident vasculaire c\u00e9r\u00e9bral \u00e0 l\u2019h\u00f4pital r\u00e9gional de Bafoussam, Cameroun.<\/strong>\u00a0The Pan African Medical Journal.\u00a02019;34:174.\u00a0doi:10.11604\/pamj.2019.34.174.19928,\u00a0<a href=\"http:\/\/www.panafrican-med-journal.com\/content\/article\/34\/174\/full\"><strong>http:\/\/www.panafrican-med-journal.com\/content\/article\/34\/174\/ful<\/strong><\/a><\/p><\/div><div class=\"fusion-text\"><p>DJEUNANG DGB, ONOHIOL JF, SOUNG IFB, NKAMEDJIE PMP, DJEUMENI ZAV, ZAMKE ML, AISSATOU N, RUSSO G, ATEUDJIEU J, SANOU SM<strong>.\u00a0<\/strong><strong>Knowledge, practices of mothers towards fever in newborn children and factors influencing in Cameroon : Case of Biyem-Assi health district.<\/strong><strong>\u00a0<\/strong>International Journal of Innovation and Scientific Research, vol. 45, no. 1, pp. 43\u201350, October 2019<strong>.<\/strong>\u00a0<a href=\"http:\/\/ijisr.issr-journals.org\/abstract.php?article=IJISR-19-017-04\">http:\/\/ijisr.issr-journals.org\/abstract.php?article=IJISR-19-017-04<\/a><\/p><\/div><div class=\"fusion-text\"><p>CHUKUWCHINDUN BA, GOURA AP, BEYALA LB, NJIMBIA AC , BITA AIC , \u00a0NGUEFACK JA, \u00a0ATEUDJIEU J\u00a0<strong>.Pratiques alimentaires des m\u00e8res et malnutrition\u00a0 infantile dans le district de sant\u00e9 de Pitoa : Etude cas-t\u00e9moin.\u00a0<\/strong>Budapest International Research in Exact Sciences (BirEx) Journal. 2019\u00a0\u00a0<a href=\"https:\/\/doi.org\/10.33258\/birex.v1i4.486\">https:\/\/doi.org\/10.33258\/birex.v1i4.486<\/a><\/p><\/div><div class=\"fusion-text\"><p>Ateudjieu J, Hurst S, Yakum MN, Tangwa GB.\u00a0<strong>Biomedical research ethics in Cameroon: asurvey to assess training needs of medicalresidents and students.\u00a0<\/strong>BMC Medical Education. 2019; 19:5.\u00a0<a href=\"https:\/\/doi.org\/10.1186\/s12909-018-1431-8\">https:\/\/doi.org\/10.1186\/s12909-018-1431-8<\/a><\/p><\/div><div class=\"fusion-text\"><p>Goura AP, Chukuwchindun AB, Yakum MN, Nguefack AJ, Lonbe EP, Ateudjieu J.\u00a0<strong>Geographical Distribution of HIV-patients with Respect to HIV-treatment Units in Cameroon: A Cross-sectional Study.<\/strong>\u00a0SciencePG. May 20, 2019.\u00a0http:\/\/www.sciencepublishinggroup.com\/journal\/paperinfo?journalid=327&amp;doi=10.11648\/j.ijhpebs.20190501.18<\/p><\/div><div class=\"fusion-text\"><p>Ang\u00e8le HM, Guenou E, Fookes M, Ateudjieu J, Kasambara W, Siever M, Rebaudet S, Boncy J, Adrien P, Piarroux R, Sack DA, Thomson N, Debes\u00a0AK.\u00a0<strong>Whole genome sequence of\u00a0Vibrio cholerae\u00a0directly from dried spotted filter paper.<\/strong>\u00a0PLOS Neglected Tropical Diseases. May 30, 2019.\u00a0https:\/\/doi.org\/10.1371\/journal.pntd.0007330<\/p><\/div><div class=\"fusion-text\"><p>Djimeli ADK, Nkegoum B, Nangue C, Djuikwo F, Beyala LB, Tebeu PM.\u00a0<strong>Histo-epidemiological aspects of gynecological and breast cancers at the University Teaching Hospital of Yaound\u00e9<\/strong><strong>.<\/strong>\u00a0The Pan African Medical Journal. 2019.\u00a0<a href=\"http:\/\/www.panafrican-med-journal.com\/content\/article\/33\/130\/full\">http:\/\/www.panafrican-med-journal.com\/content\/article\/33\/130\/full<\/a><\/p><\/div><div class=\"fusion-text\"><p>Ateudjieu\u00a0J,\u00a0Stoll B,\u00a0Bisseck AC,\u00a0Tembei AM,\u00a0Genton B.\u00a0<strong>Safety Profile of the Meningococcal Conjugate Vaccine (Menafrivac\u2122) in Clinical Trials and Vaccination Campaigns: A Review of Published Studies.<\/strong>\u00a0Hum Vaccin Immunother.\u00a02019 Aug 12.\u00a0<a href=\"https:\/\/doi.org\/10.1080\/21645515.2019.1652041\">https:\/\/doi.org\/10.1080\/21645515.2019.1652041<\/a><\/p><\/div>\t\t\t\t\t\t\t\t<\/div>\n\t\t\t\t<\/div>\n\t\t\t\t\t<\/div>\n\t\t<\/div>\n\t\t\t\t\t<\/div>\n\t\t<\/section>\n\t\t\t\t<\/div>\n\t\t","protected":false},"excerpt":{"rendered":"<p>Articles de 2019 Agokeng KBD, Bita\u2019a LB, Yomi THS, Tajo Djidjou TB, Romarique Medjou MR, Djoudadouanla C, Wouafack-Kenfack V, Nguetsa TF , Megaptche TH, Ateudjieu\u00a0J\u00a0.Distribution et itin\u00e9raire th\u00e9rapeutique des patients re\u00e7us pour accident vasculaire c\u00e9r\u00e9bral \u00e0 l\u2019h\u00f4pital r\u00e9gional de Bafoussam, Cameroun.\u00a0The Pan African Medical Journal.\u00a02019;34:174.\u00a0doi:10.11604\/pamj.2019.34.174.19928,\u00a0http:\/\/www.panafrican-med-journal.com\/content\/article\/34\/174\/ful DJEUNANG DGB, ONOHIOL JF, SOUNG IFB, NKAMEDJIE PMP, DJEUMENI ZAV, [&hellip;]<\/p>\n","protected":false},"author":1,"featured_media":0,"parent":0,"menu_order":0,"comment_status":"closed","ping_status":"closed","template":"","meta":{"_eb_attr":"","om_disable_all_campaigns":false,"_exactmetrics_skip_tracking":false,"_exactmetrics_sitenote_active":false,"_exactmetrics_sitenote_note":"","_exactmetrics_sitenote_category":0,"_monsterinsights_skip_tracking":false,"_monsterinsights_sitenote_active":false,"_monsterinsights_sitenote_note":"","_monsterinsights_sitenote_category":0,"site-sidebar-layout":"no-sidebar","site-content-layout":"page-builder","ast-site-content-layout":"default","site-content-style":"default","site-sidebar-style":"default","ast-global-header-display":"","ast-banner-title-visibility":"","ast-main-header-display":"","ast-hfb-above-header-display":"","ast-hfb-below-header-display":"","ast-hfb-mobile-header-display":"","site-post-title":"disabled","ast-breadcrumbs-content":"","ast-featured-img":"disabled","footer-sml-layout":"","ast-disable-related-posts":"","theme-transparent-header-meta":"","adv-header-id-meta":"","stick-header-meta":"","header-above-stick-meta":"","header-main-stick-meta":"","header-below-stick-meta":"","astra-migrate-meta-layouts":"default","ast-page-background-enabled":"default","ast-page-background-meta":{"desktop":{"background-color":"","background-image":"","background-repeat":"repeat","background-position":"center center","background-size":"auto","background-attachment":"scroll","background-type":"","background-media":"","overlay-type":"","overlay-color":"","overlay-opacity":"","overlay-gradient":""},"tablet":{"background-color":"","background-image":"","background-repeat":"repeat","background-position":"center center","background-size":"auto","background-attachment":"scroll","background-type":"","background-media":"","overlay-type":"","overlay-color":"","overlay-opacity":"","overlay-gradient":""},"mobile":{"background-color":"","background-image":"","background-repeat":"repeat","background-position":"center center","background-size":"auto","background-attachment":"scroll","background-type":"","background-media":"","overlay-type":"","overlay-color":"","overlay-opacity":"","overlay-gradient":""}},"ast-content-background-meta":{"desktop":{"background-color":"var(--ast-global-color-5)","background-image":"","background-repeat":"repeat","background-position":"center center","background-size":"auto","background-attachment":"scroll","background-type":"","background-media":"","overlay-type":"","overlay-color":"","overlay-opacity":"","overlay-gradient":""},"tablet":{"background-color":"var(--ast-global-color-5)","background-image":"","background-repeat":"repeat","background-position":"center center","background-size":"auto","background-attachment":"scroll","background-type":"","background-media":"","overlay-type":"","overlay-color":"","overlay-opacity":"","overlay-gradient":""},"mobile":{"background-color":"var(--ast-global-color-5)","background-image":"","background-repeat":"repeat","background-position":"center center","background-size":"auto","background-attachment":"scroll","background-type":"","background-media":"","overlay-type":"","overlay-color":"","overlay-opacity":"","overlay-gradient":""}},"footnotes":""},"class_list":["post-1576","page","type-page","status-publish","hentry"],"aioseo_notices":[],"_links":{"self":[{"href":"https:\/\/masante-cam.org\/masante\/wp-json\/wp\/v2\/pages\/1576","targetHints":{"allow":["GET"]}}],"collection":[{"href":"https:\/\/masante-cam.org\/masante\/wp-json\/wp\/v2\/pages"}],"about":[{"href":"https:\/\/masante-cam.org\/masante\/wp-json\/wp\/v2\/types\/page"}],"author":[{"embeddable":true,"href":"https:\/\/masante-cam.org\/masante\/wp-json\/wp\/v2\/users\/1"}],"replies":[{"embeddable":true,"href":"https:\/\/masante-cam.org\/masante\/wp-json\/wp\/v2\/comments?post=1576"}],"version-history":[{"count":7,"href":"https:\/\/masante-cam.org\/masante\/wp-json\/wp\/v2\/pages\/1576\/revisions"}],"predecessor-version":[{"id":1588,"href":"https:\/\/masante-cam.org\/masante\/wp-json\/wp\/v2\/pages\/1576\/revisions\/1588"}],"wp:attachment":[{"href":"https:\/\/masante-cam.org\/masante\/wp-json\/wp\/v2\/media?parent=1576"}],"curies":[{"name":"wp","href":"https:\/\/api.w.org\/{rel}","templated":true}]}}